 is the units digit of p?
1
Suppose 3*y = 122 - 107. Let v(l) = 3*l**2 + 19*l - 12. Let j be v(y). Let d = -15 + j. What is the hundreds digit of d?
1
Let o(n) = 983*n**2 - 39*n - 226. What is the ten thousands digit of o(-5)?
2
What is the units digit of 22/(-66)*(-1 - -23692)*-1?
7
Suppose 7*i + 7*i = -10*i + 9480. What is the hundreds digit of i?
3
Let u(f) = 447*f**2 + 0 + 8*f - 125*f**2 + 11 - 4. What is the hundreds digit of u(-1)?
3
Let z be (-6 + 10)/((-1)/(-275)*5). Suppose 0*u - 12 = -3*u. Suppose u*a + a = z. What is the units digit of a?
4
Let g be (-21)/12*-3*4. Suppose g*j + 1884 = 25*j. What is the units digit of j?
1
Let u = 6181 - -813. What is the hundreds digit of u?
9
Suppose -5*r = -5*k + 279510, 6020*r - 6024*r = -k + 55878. What is the tens digit of k?
1
Let t(q) = -2*q**3 + 41*q**2 + 8*q - 10. Suppose -25*g - 45 = -30*g - 4*h, 2*h - 9 = -g. What is the tens digit of t(g)?
2
Suppose -26*r = -14069 - 53323. Let t = r + -1608. What is the tens digit of t?
8
Suppose -5*r - 2*u = -43 - 4377, -3*r + 2*u + 2668 = 0. Suppose 2*b - 3*y - 1725 = 0, -4*y - r = -2*b + 840. What is the hundreds digit of b?
8
Let q = 261 + -251. Suppose -q*k - 658 = -12*k + 5*a, 3*k + 2*a - 1025 = 0. What is the units digit of k?
9
What is the units digit of (-22724)/(-5) + 2 - 1232/1540?
6
Suppose 3919356 = 193*t - 6069359. What is the units digit of t?
5
Let k be 0/(-1)*(-1 - 0). Suppose 4*v + 12 = 5*j, 5*j - v = -k*j + 18. Suppose j*c = -c + 255. What is the units digit of c?
1
Suppose 11*a = -10*a - 24969. Let l = a - -1989. What is the units digit of l?
0
Let x(f) = -19*f**2 + 20*f - 6. Let w(v) = -6*v**2 + 6*v - 2. Let i(z) = -7*w(z) + 2*x(z). What is the units digit of i(-6)?
8
Let v(h) be the first derivative of 2*h**3/3 + 3*h**2 + 2*h - 8. Let x be v(-4). Suppose 186 = x*k - 4*k. What is the units digit of k?
1
Suppose 4*p - 8 = -2*a, -23*p + 20*p = -3. Suppose -6*x - 324 = -a*u - 5*x, -4*u + 654 = x. What is the units digit of u?
3
Let a(l) = l**2 + 21*l + 77. Let w be a(-24). Let z = w + -3. What is the units digit of z?
6
Let x = 1535 + -1122. What is the hundreds digit of x?
4
Let m(r) be the first derivative of -r**4/4 + 11*r**3/3 - 3*r**2 + 14*r + 39. What is the tens digit of m(9)?
2
Suppose -3*r + 2567 = -3*y - 2995, 5*y + 5568 = 3*r. Suppose -v + 5*d = -610, -2*d = -4*v + r + 571. What is the units digit of v?
5
Suppose 5*d - 9*d + 28 = 0, -5*a + d + 191853 = 0. What is the thousands digit of a?
8
Let o be (-18)/(-4)*(-8)/6. Let z(r) = -52*r - 119. Let b(y) = 15*y + 39. Let k(q) = 7*b(q) + 2*z(q). What is the units digit of k(o)?
9
Suppose 2*f - 11 - 35 = 0. Suppose 2*r - f = -17. Suppose 4 = -3*q + 2*q, -r*w + 4*q + 337 = 0. What is the tens digit of w?
0
Let y(z) = 387*z - 984. What is the tens digit of y(41)?
8
Suppose 7*u + 20 = 2*u. What is the hundreds digit of (u*3/(-15))/((-48)/(-45720))?
7
Suppose 2*f = -4*t + 22352, -4*f + 3*f = -4*t + 22358. Suppose 8*g - 7*g + t = 4*q, -3*q = 4*g - 4206. What is the hundreds digit of q?
3
What is the hundreds digit of -3201*7/(-1) + 77*(-24)/264?
4
Let t be -2 - 3/(-5 - -2). Let c be 15*((-94)/(-20) + t/2). Suppose -14*z = -7*z - c. What is the units digit of z?
9
Let w be (-9)/(-6)*-2 - (-2058 + 12). Let y = -875 + w. What is the units digit of y?
8
What is the thousands digit of -1569*-84*18/162?
4
Let o = 558 - -616. What is the thousands digit of o?
1
Suppose 5*q - 3*d = 3671, -4*q + 5*d + 409 = -2520. Suppose 30*c - 34*c = -q. What is the tens digit of c?
8
Let v(h) = 2*h**3 - 25*h**2 - 50*h + 86. Let z be v(44). What is the units digit of (z/(-10))/(-7) - 4/20?
2
Let j be (-128)/22 + 53/11 + -5. What is the tens digit of ((-1155)/j - -2 - 4)*2?
8
What is the units digit of -344*6*64/(-12)?
8
Suppose 244*t = 252*t - 7048. Suppose t + 1907 = 4*g. What is the hundreds digit of g?
6
Suppose -3*m = -10*b + 14*b + 515, 253 = -2*b - 3*m. Let u = 72 - b. What is the units digit of u?
3
Let q = -15 + 26. Let v(m) = 3*m**3 - 10*m**2 - 19*m + 1. Let h(l) = 10*l**3 - 30*l**2 - 56*l + 3. Let x(w) = 2*h(w) - 7*v(w). What is the units digit of x(q)?
9
Suppose 0 = 4*t, -8109 = -15*s + 18*s - t. Let n = -1237 - s. What is the units digit of n?
6
Let o be ((-240)/(-18))/((-5)/(-18)). Let h(s) = s**2 - 26*s + 98. What is the units digit of h(o)?
4
Suppose -3*v + 23 = -2*v + 4*r, -15 = -3*r. Suppose -237 = -3*q + v*o + 279, -3*o = -4*q + 689. What is the units digit of q?
3
Let x(s) be the third derivative of -13*s**4/12 - 19*s**3/3 + 3*s**2. Let d = 135 - 143. What is the units digit of x(d)?
0
Suppose -2*w = -5*r + 7*r - 4358, r - 3 = 0. Suppose 8*i - 4*i = 3*q + w, -q + 551 = i. What is the tens digit of i?
4
Let b be 1*(10 + -26)*10/4. Let c be (-4)/(-10) + (-224)/b. Suppose -n - 152 = -c*n + 4*t, 2*t = 5*n - 146. What is the units digit of n?
8
Let p be (-109)/6*3*20. Let t = 1764 + p. What is the units digit of t?
4
Let l(k) be the second derivative of -k**5/20 - 4*k**4/3 - 23*k**3/6 + 15*k**2/2 - 2*k + 5. What is the tens digit of l(-15)?
3
Let m = 203 + 1197. Let y = m - 692. What is the tens digit of y?
0
Let a(i) = i**2 - 9*i - 17. Let q be a(10). What is the hundreds digit of (q + 19)/(-6) - -2*191?
3
Let d be (-30)/135 + (-1886)/18. Let v = d + 143. What is the units digit of v?
8
Let b(c) = 3*c**2 - 8*c + 21. Let a(q) = -6*q**2 + 17*q - 41. Let z(m) = 3*a(m) + 5*b(m). Let x be z(6). What is the units digit of 72/x*(-3)/((-9)/(-230))?
2
Let v = -377 + 583. Let c be (-2102)/(-6) - ((-102)/18 - -5). Let r = c - v. What is the units digit of r?
5
What is the tens digit of 19*(377 - 7) + 4/(-4)?
2
Suppose 33 = 15*d + 33. Let v = 453 - d. What is the hundreds digit of v?
4
Let y = -21485 + 48973. What is the thousands digit of y?
7
Let k(x) = x**3 + 3*x**2 - 2*x - 2. Let r be k(-3). Suppose -1 = 5*z + r, w - 30 = -4*z. Suppose -w = -5*c - 3*y, 0 = 2*y - 6 - 0. What is the units digit of c?
5
Let i be 195/(-6)*(-88)/10. Let a = i + -175. What is the units digit of a?
1
Let x(o) = o**2 - 59*o + 1532. What is the hundreds digit of x(39)?
7
Let z = 39 - -13. What is the units digit of z*(18*-1)/(-3)?
2
What is the units digit of 8/24*150*7/((-35)/(-1082))?
0
Suppose 7639 + 4926 = 5*s. What is the tens digit of s?
1
Suppose 2*r + 3*r = -5*d + 5, -5*d = 2*r + 7. Suppose -4*i + 79 = -3*a, 47 = 2*i - r*a + 5. Suppose -3 - i = -2*v. What is the tens digit of v?
1
Let n be ((-10)/75*5)/((-8)/(-4188)). Let m = -49 - n. What is the tens digit of m?
0
Let i(l) = -l**3 - 13*l**2 + 8*l - 9. Let r be i(-14). Let k = r - -234. Suppose -6*c + 693 = -k. What is the units digit of c?
7
Suppose -4*i - w + 11389 = 0, -1818 - 1039 = -i + 3*w. What is the tens digit of i?
4
Let t = 1097 - 656. Suppose 0 = -7*x + 1967 + t. What is the hundreds digit of x?
3
Let c = 684 - 675. What is the units digit of (11 + -14)/(c/(-3120))?
0
Suppose -43*m + 128688 = 27*m - 14*m. What is the thousands digit of m?
2
Let d(s) = -302*s - 389. What is the units digit of d(-15)?
1
What is the hundreds digit of (-1)/((-1)/44202)*(-198)/(-297)?
4
Let a = -100 - -58. Let x be 2*(-1)/6 + (-14)/a. Suppose x = -42*g + 40*g + 274. What is the units digit of g?
7
What is the units digit of 2*(394338/28 + 13)?
3
Let y = 100 + -16. What is the units digit of 21*-3*y/(-27)?
6
Suppose 0 = 5*h - 2*h - 2*z - 28, -5*z = -5*h + 55. Suppose 5 = -h*m + 29. Suppose -5*t - 209 = -7*t - 3*c, -m*t + 416 = 4*c. What is the hundreds digit of t?
1
Let i = 54638 - 20834. What is the tens digit of i?
0
Let u(g) = -g**3 - 3*g**2 - 6*g + 1. Let b be u(-5). Let f = -82 + b. What is the units digit of 65 + (-10)/(-5) - (-1 - f)?
7
Let c = -1 + 2. Let k = 473 + -471. What is the tens digit of (132 + (c - k))/1?
3
Let p = -28 - -60. Suppose 0 = 2*u - 0 - p. Let l = 8 + u. What is the units digit of l?
4
Let y be -4 - -2*12/8. Let d be (-11)/(-2 + y + 2). Let z = d + 12. What is the units digit of z?
3
Let u(n) = 4*n**2 + 9*n - 47. Let i be u(6). Suppose 0 = 2*j + s + 2*s - i, -2*j = -s - 131. Suppose -j*b - 74 = -69*b. What is the units digit of b?
4
Suppose 66 = -4*j + 2*l, j = 4*j + 5*l + 17. Let s = j - -14. Suppose 2*i - 84 - 98 = s. What is the units digit of i?
1
What is the units digit of (-24 - -31538) + ((-8)/(-1) - -1)?
3
Suppose -5*g = -3*r - 11968, 18*g 